alse
Is 3 a factor of 197?
False
Is 883 a multiple of 15?
False
Is 720 a multiple of 15?
True
Is 1375 a multiple of 55?
True
Does 11 divide 5610?
True
Is 6918 a multiple of 29?
False
Is 768 a multiple of 96?
True
Is 25550 a multiple of 10?
True
Is 105 a factor of 10068?
False
Is 1140 a multiple of 6?
True
Is 7140 a multiple of 35?
True
Is 731 a multiple of 43?
True
Does 67 divide 603?
True
Does 10 divide 1818?
False
Is 2 a factor of 521?
False
Is 26 a factor of 10582?
True
Is 142141 a multiple of 27?
False
Is 2 a factor of 2473?
False
Is 934 a multiple of 9?
False
Is 72 a multiple of 24?
True
Is 19 a factor of 22784?
False
Is 57 a factor of 33288?
True
Is 36 a factor of 21600?
True
Is 4 a factor of 68?
True
Is 110 a multiple of 15?
False
Is 6 a factor of 206?
False
Is 97 a multiple of 5?
False
Is 63992 a multiple of 152?
True
Is 3 a factor of 99?
True
Does 2 divide 416?
True
Does 65 divide 3749?
False
Is 5655 a multiple of 15?
True
Is 5851 a multiple of 7?
False
Is 14 a factor of 882?
True
Is 181 a factor of 6154?
True
Does 22 divide 457?
False
Is 6119 a multiple of 27?
False
Does 2 divide 32?
True
Does 22 divide 5602?
False
Is 17 a factor of 187?
True
Is 47 a factor of 6906?
False
Is 31 a factor of 21631?
False
Is 92 a factor of 52953?
False
Is 14014 a multiple of 98?
True
Does 2 divide 1248?
True
Is 155 a factor of 40880?
False
Does 2 divide 28?
True
Does 12 divide 3005?
False
Is 9 a factor of 2236?
False
Does 45 divide 3870?
True
Is 2760 a multiple of 92?
True
Is 1693 a multiple of 66?
False
Does 18 divide 9371?
False
Is 733 a multiple of 19?
False
Does 97 divide 1927?
False
Does 109 divide 340?
False
Is 4200 a multiple of 40?
True
Is 31 a factor of 93?
True
Does 7 divide 21911?
False
Does 14 divide 42756?
True
Does 23 divide 1058?
True
Is 33 a factor of 660?
True
Is 33 a factor of 528?
True
Is 3564 a multiple of 33?
True
Is 59 a factor of 531?
True
Is 7000 a multiple of 8?
True
Is 622 a multiple of 7?
False
Does 22 divide 2414?
False
Is 4548 a multiple of 126?
False
Does 253 divide 55848?
False
Does 51 divide 724?
False
Does 16 divide 21712?
True
Is 2320 a multiple of 40?
True
Is 24 a factor of 580?
False
Is 18144 a multiple of 48?
True
Is 18 a factor of 12551?
False
Does 7 divide 5088?
False
Does 18 divide 491?
False
Is 91 a multiple of 15?
False
Is 1033 a multiple of 34?
False
Is 3 a factor of 55?
False
Is 18 a factor of 74139?
False
Is 27 a factor of 1512?
True
Is 10 a factor of 1220?
True
Does 12 divide 5731?
False
Does 14 divide 19698?
True
Is 4 a factor of 59?
False
Is 36 a factor of 7609?
False
Is 8 a factor of 4560?
True
Does 2 divide 197?
False
Does 11 divide 34980?
True
Does 14 divide 25620?
True
Does 9 divide 3078?
True
Is 2508 a multiple of 11?
True
Does 17 divide 4910?
False
Is 4 a factor of 116?
True
Does 10 divide 500?
True
Is 3432 a multiple of 33?
True
Does 10 divide 7250?
True
Is 2537 a multiple of 19?
False
Is 14 a factor of 182?
True
Is 139 a factor of 1807?
True
Does 15 divide 975?
True
Is 13 a factor of 1105?
True
Is 191 a factor of 50233?
True
Is 238 a multiple of 11?
False
Is 1804 a multiple of 22?
True
Is 111 a factor of 46842?
True
Is 4129 a multiple of 15?
False
Is 85 a factor of 1632?
False
Is 40 a factor of 1986?
False
Is 45 a factor of 5760?
True
Is 28 a factor of 1044?
False
Is 3 a factor of 357?
True
Does 26 divide 39364?
True
Does 11 divide 418?
True
Is 45 a factor of 15120?
True
Is 951 a multiple of 64?
False
Does 17 divide 374?
True
Does 18 divide 569?
False
Does 6 divide 1266?
True
Is 1482 a multiple of 5?
False
Does 39 divide 848?
False
Is 2 a factor of 67?
False
Is 56 a factor of 642?
False
Is 3270 a multiple of 24?
False
Is 116687 a multiple of 45?
False
Does 10 divide 247?
False
Does 43 divide 1032?
True
Is 83067 a multiple of 17?
False
Does 70 divide 2283?
False
Is 328 a multiple of 34?
False
Is 1320 a multiple of 8?
True
Is 1464 a multiple of 27?
False
Does 47 divide 22217?
False
Is 14 a factor of 84?
True
Does 24 divide 26030?
False
Is 6028 a multiple of 44?
True
Is 40 a factor of 945?
False
Does 43 divide 3222?
False
Is 44162 a multiple of 84?
False
Is 646 a multiple of 34?
True
Is 33 a factor of 7326?
True
Does 5 divide 2005?
True
Does 77 divide 847?
True
Is 70 a multiple of 10?
True
Is 88 a multiple of 4?
True
Does 113 divide 230?
False
Does 3 divide 185?
False
Is 7785 a multiple of 9?
True
Does 112 divide 35056?
True
Is 2348 a multiple of 8?
False
Does 9 divide 6273?
True
Is 12 a factor of 6263?
False
Does 61 divide 1485?
False
Is 44 a factor of 352?
True
Does 40 divide 44680?
True
Is 14 a factor of 14?
True
Is 7824 a multiple of 12?
True
Does 10 divide 1070?
True
Does 24 divide 53099?
False
Does 12 divide 240?
True
Is 18 a factor of 16989?
False
Does 11 divide 706?
False
Is 172 a factor of 135949?
False
Is 17 a factor of 2125?
True
Is 45 a factor of 720?
True
Is 52 a factor of 4056?
True
Is 18 a factor of 6687?
False
Is 4 a factor of 897?
False
Is 4 a factor of 413?
False
Is 28 a factor of 18928?
True
Is 1332 a multiple of 12?
True
Is 628 a multiple of 6?
False
Does 75 divide 4575?
True
Is 33 a factor of 329?
False
Is 120 a multiple of 15?
True
Is 70 a factor of 61880?
True
Is 5 a factor of 111?
False
Is 28297 a multiple of 7?
False
Is 15 a factor of 66045?
True
Does 68 divide 14086?
False
Does 6 divide 21042?
True
Is 2486 a multiple of 11?
True
Is 42 a factor of 785?
False
Does 13 divide 28496?
True
Is 1386 a multiple of 14?
True
Is 21 a factor of 2877?
True
Does 22 divide 7128?
True
Does 64 divide 302?
False
Does 17 divide 11883?
True
Is 6396 a multiple of 40?
False
Does 36 divide 511?
False
Does 13 divide 1595?
False
Is 155 a factor of 34704?
False
Is 517 a multiple of 9?
False
Is 13 a factor of 2847?
True
Is 243 a multiple of 9?
True
Does 90 divide 1080?
True
Is 25 a factor of 239?
False
Is 2794 a multiple of 22?
True
Does 12 divide 13281?
False
Is 47898 a multiple of 18?
True
Is 58020 a multiple of 15?
True
Does 21 divide 2091?
False
Is 23 a factor of 369?
False
Is 39 a multiple of 18?
False
Does 67 divide 46565?
True
Does 147 divide 20399?
False
Does 3 divide 160?
False
Is 4 a factor of 49983?
False
Does 29 divide 551?
True
Does 5 divide 3967?
False
Does 12 divide 19145?
False
Does 46 divide 73922?
True
Does 45 divide 2592?
False
Is 387 a multiple of 3?
True
Is 10 a factor of 1100?
True
Is 10 a factor of 171?
False
Does 22 divide 880?
True
Is 19 a factor of 4636?
True
Does 13 divide 11063?
True
Is 67208 a multiple of 124?
True
Is 383 a multiple of 13?
False
Is 324 a multiple of 18?
True
Is 7 a factor of 105?
True
Is 11 a factor of 803?
True
Is 7 a factor of 651?
True
Does 143 divide 2288?
True
Does 230 divide 24759?
False
Is 122 a multiple of 10?
False
Is 9 a factor of 6104?
False
Is 100 a factor of 1800?
True
Is 34 a factor of 12478?
True
Is 228 a multiple of 3?
True
Is 2499 a multiple of 21?
True
Is 5096 a multiple of 3?
False
Is 742 a multiple of 14?
True
Does 29 divide 435?
True
Does 32 divide 192?
True
Is 3694 a multiple of 8?
False
Does 91 divide 22568?
True
Does 4 divide 1617?
False
Does 31 divide 333?
False
Is 196 a multiple of 11?
False
Is 1205 a multiple of 3?
False
Is 8 a factor of 61392?
True
Does 6 divide 7896?
True
Is 13860 a multiple of 126?
True
Is 60762 a multiple of 34?
False
Is 7 a factor of 15617?
True
Is 24 a factor of 6888?
True
Is 12344 a multiple of 14?
False
Does 12 divide 27912?
True
Is 80 a factor of 29600?
True
Is 7 a factor of 5130?
False
Is 4484 a multiple of 23?
False
Does 66 divide 1616?
False
Is 112 a factor of 6832?
True
Does 11 divide 7667?
True
Is 12 a factor of 2489?
False
Is 21 a factor of 1260?
True
Is 59 a multiple of 9?
False
Does 38 divide 15986?
False
Is 1043 a multiple of 7?
True
Is 264 a multiple of 22?
True
Is 169 a factor of 1881?
False
Is 24 a factor of 96619?
False
Does 4 divide 13781?
False
Is 21 a factor of 3232?
False
Is 83 a factor of 2407?
True
Is 3808 a multiple of 33?
False
Does 28 divide 532?
True
Is 2741 a multiple of 28?
False
Is 108 a factor of 6724?
False
Is 22 a factor of 1540?
True
Is 3013 a multiple of 131?
True
Does 62 divide 29574?
True
Is 7131 a multiple of 3?
True
Is 54 a factor of 161?
False
Is 398 a multiple of 64?
False
Does 16 divide 15312?
True
Is 24 a factor of 8856?
True
Is 20 a factor of 16131?
False
Is 150